01001?
-11101001101
In base 12, what is 3 - 40a?
-407
In base 3, what is -2 + -212002?
-212011
In base 4, what is -210 + 3?
-201
In base 6, what is 11545 - -14?
12003
In base 6, what is 10 + 131?
141
In base 7, what is 0 + 1122?
1122
In base 2, what is 1011 + 101101?
111000
In base 4, what is -2 - -133?
131
In base 10, what is 0 + 648?
648
In base 16, what is 1d + -4cb?
-4ae
In base 15, what is -12 - -3bc?
3aa
In base 7, what is 115 + -6?
106
In base 4, what is 1 + -11023?
-11022
In base 9, what is 2 + -3026?
-3024
In base 2, what is 100 - -110001110?
110010010
In base 5, what is 2113 - -4?
2122
In base 16, what is -7 + -25d?
-264
In base 12, what is -229 + -3?
-230
In base 16, what is -cf + 1?
-ce
In base 10, what is 0 - 749?
-749
In base 12, what is -18 - 41?
-59
In base 15, what is 1143 - 0?
1143
In base 16, what is 2d - -62?
8f
In base 14, what is 331 - 9?
326
In base 5, what is -3 - -1213?
1210
In base 4, what is -23 + 22223?
22200
In base 10, what is 2 - 40?
-38
In base 3, what is 2 - 222?
-220
In base 9, what is -515 + 24?
-481
In base 12, what is -3 - 5?
-8
In base 3, what is 12120 + 2010?
21200
In base 5, what is -4 - 12?
-21
In base 2, what is 100000 + -11101001?
-11001001
In base 15, what is -d - -3?
-a
In base 5, what is -13 + 42?
24
In base 13, what is 25 - -38?
60
In base 11, what is -228 + 2a?
-1a9
In base 10, what is -318 + 1?
-317
In base 15, what is 3 + -150?
-14c
In base 9, what is 7561 - -5?
7566
In base 6, what is -120 - -1?
-115
In base 12, what is -85 - 6?
-8b
In base 6, what is 401 - -2?
403
In base 8, what is -30 - -30?
0
In base 8, what is -62 + -221?
-303
In base 13, what is -7 + -15?
-1c
In base 13, what is -2a0 + -2?
-2a2
In base 2, what is -111 + -101111?
-110110
In base 13, what is 2 + 5c?
61
In base 5, what is -100 + -3?
-103
In base 12, what is -5 - 239?
-242
In base 4, what is -2 - 1033?
-1101
In base 4, what is -1 + -100202?
-100203
In base 8, what is -14 - 10?
-24
In base 5, what is -1024 + -114?
-1143
In base 12, what is -1a5 + -5?
-1aa
In base 4, what is -2 + 22?
20
In base 9, what is -16301 + 1?
-16300
In base 5, what is -1010 - 432?
-1442
In base 14, what is -39 - -2?
-37
In base 9, what is 0 + -203?
-203
In base 7, what is -510 + -2?
-512
In base 10, what is 30 + -56?
-26
In base 3, what is 0 + -1000021?
-1000021
In base 10, what is -550 - -8?
-542
In base 10, what is -17 + -53?
-70
In base 2, what is 11100 - -11?
11111
In base 6, what is 25 - 1453?
-1424
In base 11, what is 46 - -12?
58
In base 12, what is 9 - 49?
-40
In base 13, what is 3 + 5a?
60
In base 8, what is 3 + 107?
112
In base 11, what is -22 - -10?
-12
In base 13, what is 329 + -2?
327
In base 12, what is 2 - 404?
-402
In base 7, what is 0 + -124?
-124
In base 5, what is -40 - -302?
212
In base 3, what is 2012 + 12?
2101
In base 5, what is 10 + 1010?
1020
In base 2, what is -10110010 + 110?
-10101100
In base 9, what is -202 + 3?
-188
In base 14, what is -11 + 2ba?
2a9
In base 12, what is 10b6 - 3?
10b3
In base 4, what is 21101 - 12?
21023
In base 7, what is -115 - -211?
63
In base 2, what is 1001 - 10100110000?
-10100100111
In base 13, what is 7 + 6?
10
In base 15, what is 4 - 26b?
-267
In base 6, what is -121512 - -3?
-121505
In base 9, what is 20141 + 0?
20141
In base 2, what is -11011 - 110000001?
-110011100
In base 16, what is 126 - 4?
122
In base 4, what is 31 + 1?
32
In base 16, what is -4 - 11c8?
-11cc
In base 3, what is -10 - 112011?
-112021
In base 6, what is 323 + -202?
121
In base 3, what is 2100010 - -12?
2100022
In base 2, what is -1 - -1110110000?
1110101111
In base 14, what is 3 - 652?
-64d
In base 16, what is 4 - 42?
-3e
In base 14, what is -b + 65?
58
In base 8, what is -337 + -2?
-341
In base 6, what is -43 + -3?
-50
In base 15, what is -242 + c?
-235
In base 9, what is -13 + 22?
8
In base 14, what is d6 - -1?
d7
In base 16, what is 3 - -c53?
c56
In base 6, what is 0 - 103?
-103
In base 9, what is 582 + 21?
613
In base 16, what is -1214 + -3?
-1217
In base 13, what is 28 + -4?
24
In base 14, what is -5 + b6b?
b66
In base 11, what is -5 + -421a?
-4224
In base 3, what is 0 + 201?
201
In base 9, what is -2572 - 4?
-2576
In base 10, what is 0 - -4?
4
In base 14, what is -42 + 2?
-40
In base 7, what is -66 - 604?
-1003
In base 13, what is -1 + -148?
-149
In base 9, what is 860 - 4?
855
In base 6, what is 1054 + 104?
1202
In base 8, what is 756 - 3?
753
In base 5, what is -4 + -3112?
-3121
In base 10, what is -103 - 0?
-103
In base 12, what is 95 - 0?
95
In base 13, what is 5 + 5?
a
In base 13, what is 784 - 5?
77c
In base 14, what is 5 - 23?
-1c
In base 14, what is 44 - 0?
44
In base 12, what is -2 + -52?
-54
In base 14, what is -2 + 23?
21
In base 10, what is -9 - -31?
22
In base 2, what is 10011 + -101?
1110
In base 4, what is 33 + 2?
101
In base 10, what is -3 - 551?
-554
In base 16, what is 0 - 1ae?
-1ae
In base 16, what is f - 48?
-39
In base 4, what is 31 + 331?
1022
In base 6, what is -31 - 21?
-52
In base 4, what is -10 - -133?
123
In base 16, what is -e - f?
-1d
In base 6, what is -33 - 2?
-35
In base 11, what is 2a5 - 3?
2a2
In base 6, what is -1 - -2425?
2424
In base 15, what is -6 - -a68?
a62
In base 7, what is -3064 + 16?
-3045
In base 10, what is -151 + 0?
-151
In base 10, what is 32 - -1?
33
In base 14, what is 1 - 53?
-52
In base 9, what is 3 + -8723?
-8720
In base 4, what is 2211 - 11?
2200
In base 3, what is -12 + 10122?
10110
In base 6, what is -121 - -213?
52
In base 15, what is 138c + 0?
138c
In base 2, what is -101 - -111?
10
In base 13, what is -998 + 2?
-996
In base 10, what is 390 - 3?
387
In base 15, what is 1 + 32b?
32c
In base 4, what is -22 + 100?
12
In base 16, what is -c81 - -3?
-c7e
In base 5, what is 40 - -144?
234
In base 7, what is -20006 - -5?
-20001
In base 14, what is 48 - 2d?
19
In base 6, what is -230 - -243?
13
In base 5, what is 3440 + -1?
3434
In base 14, what is -2d8 + -2?
-2da
In base 14, what is -8d5 + 4?
-8d1
In base 16, what is -1 - -3c?
3b
In base 7, what is 441 + 25?
466
In base 11, what is -18258 + 3?
-18255
In base 4, what is 0 - 321?
-321
In base 15, what is -5 + 56?
51
In base 15, what is 76 + 3?
79
In base 10, what is 8 + -324?
-316
In base 11, what is -2 - 56?
-58
In base 15, what is 59c + 3?
5a0
In base 5, what is 1 - -132?
133
In base 15, what is -1077 - 3?
-107a
In base 4, what is 0 + -2133?
-2133
In base 16, what is -28 + 0?
-28
In base 10, what is 2 + -3?
-1
In base 3, what is 0 - 2101?
-2101
In base 6, what is -410 - -2?
-404
In base 6, what is 4 - -211?
215
In base 7, what is 10031 + 4?
10035
In base 10, what is 5 - -53?
58
In base 5, what is 0 + 114?
114
In base 8, what is -5 - -1754?
1747
In base 9, what is -11 - 11?
-22
In base 4, what is 10 + 3002?
3012
In base 8, what is -11 - -602?
571
In base 10, what is -9 - -4419?
4410
In base 13, what is -c - 36?
-45
In base 2, what is 1 - 1110?
-1101
In base 16, what is -c5 - 8?
-cd
In base 5, what is 14 + -1433?
-1414
In base 10, what is -5 - -8471?
8466
In base 3, what is 2120021 - 1?
2120020
In base 13, what is 0 + -18a?
-18a
In base 3, what is 221110 - -11?
221121
In base 12, what is 5 - -477?
480
In base 2, what is 0 - 1111011?
-1111011
In base 16, what is 8f - -f?
9e
In base 7, what is 2 - -153?
155
In base 16, what is 3 + -180?
-17d
In base 5, what is -4 + 31?
22
In base 11, what is -868 + 7?
-861
In base 9, what is 2 + 247?
250
In base 2, what is 10000001010 - 1010?
10000000000
In base 9, what is 0 - 15?
-15
In base 12, what is -4 + -9a3?
-9a7
In base 4, what is 3120 + -3?
3111
In base 7, what is -2 - 23?
-25
In base 10, what is 1920 + 2?
1922
In base 6, what is 3 - 242?
-235
In base 7, what is -3 + -4301?
-4304
In base 15, what is 3d + 12?
50
In base 4, what is -22131 - -11?
-22120
In base 11, what is 5 + -a0?
-96
In base 6, what is -2 - -1051?
1045
In base 11, what is -11 - 20?
-31
In base 11, what is -2 - -13?
11
In base 16, what is 2d - 6?
27
In base 8, what is 2 + -127?
-125
In base 3, what is -20 - 22?
-112
In base 9, what is 183 - -6?
200
In base 9, what is -3 + 1030?
1026
In base 8, what is 1 + 515?
516
In base 12, what is 0 - -22a?
22a
In base 12, what is 2 - -50?
52
In base 6, what is 1000224 + 3?
1000231
In base 12, what is 5 - 662?
-659
In base 3, what is 101 + -11011?
-10210
In base 12, what is 5